{"id":359,"date":"2021-11-30T00:01:26","date_gmt":"2021-11-30T00:01:26","guid":{"rendered":"https:\/\/catedravinculacionydesarrollo.es\/?page_id=359"},"modified":"2021-12-06T16:45:23","modified_gmt":"2021-12-06T16:45:23","slug":"objetivos-de-la-catedra","status":"publish","type":"page","link":"https:\/\/catedravinculacionydesarrollo.es\/index.php\/objetivos-de-la-catedra\/","title":{"rendered":"Objetivos de la C\u00e1tedra"},"content":{"rendered":"\t\t<div data-elementor-type=\"wp-page\" data-elementor-id=\"359\" class=\"elementor elementor-359\" data-elementor-post-type=\"page\">\n\t\t\t\t\t\t<section class=\"elementor-section elementor-top-section elementor-element elementor-element-18b1494 elementor-section-boxed elementor-section-height-default elementor-section-height-default\" data-id=\"18b1494\" data-element_type=\"section\">\n\t\t\t\t\t\t<div class=\"elementor-container elementor-column-gap-default\">\n\t\t\t\t\t<div class=\"elementor-column elementor-col-100 elementor-top-column elementor-element elementor-element-46ba1be\" data-id=\"46ba1be\" data-element_type=\"column\">\n\t\t\t<div class=\"elementor-widget-wrap elementor-element-populated\">\n\t\t\t\t\t\t<div class=\"elementor-element elementor-element-4f901a2 elementor-widget elementor-widget-spacer\" data-id=\"4f901a2\" data-element_type=\"widget\" data-widget_type=\"spacer.default\">\n\t\t\t\t<div class=\"elementor-widget-container\">\n\t\t\t<style>\/*! elementor - v3.22.0 - 17-06-2024 *\/\n.elementor-column .elementor-spacer-inner{height:var(--spacer-size)}.e-con{--container-widget-width:100%}.e-con-inner>.elementor-widget-spacer,.e-con>.elementor-widget-spacer{width:var(--container-widget-width,var(--spacer-size));--align-self:var(--container-widget-align-self,initial);--flex-shrink:0}.e-con-inner>.elementor-widget-spacer>.elementor-widget-container,.e-con>.elementor-widget-spacer>.elementor-widget-container{height:100%;width:100%}.e-con-inner>.elementor-widget-spacer>.elementor-widget-container>.elementor-spacer,.e-con>.elementor-widget-spacer>.elementor-widget-container>.elementor-spacer{height:100%}.e-con-inner>.elementor-widget-spacer>.elementor-widget-container>.elementor-spacer>.elementor-spacer-inner,.e-con>.elementor-widget-spacer>.elementor-widget-container>.elementor-spacer>.elementor-spacer-inner{height:var(--container-widget-height,var(--spacer-size))}.e-con-inner>.elementor-widget-spacer.elementor-widget-empty,.e-con>.elementor-widget-spacer.elementor-widget-empty{position:relative;min-height:22px;min-width:22px}.e-con-inner>.elementor-widget-spacer.elementor-widget-empty .elementor-widget-empty-icon,.e-con>.elementor-widget-spacer.elementor-widget-empty .elementor-widget-empty-icon{position:absolute;top:0;bottom:0;left:0;right:0;margin:auto;padding:0;width:22px;height:22px}<\/style>\t\t<div class=\"elementor-spacer\">\n\t\t\t<div class=\"elementor-spacer-inner\"><\/div>\n\t\t<\/div>\n\t\t\t\t<\/div>\n\t\t\t\t<\/div>\n\t\t\t\t\t<\/div>\n\t\t<\/div>\n\t\t\t\t\t<\/div>\n\t\t<\/section>\n\t\t\t\t<section class=\"elementor-section elementor-top-section elementor-element elementor-element-b386353 elementor-section-boxed elementor-section-height-default elementor-section-height-default\" data-id=\"b386353\" data-element_type=\"section\">\n\t\t\t\t\t\t<div class=\"elementor-container elementor-column-gap-default\">\n\t\t\t\t\t<div class=\"elementor-column elementor-col-100 elementor-top-column elementor-element elementor-element-dd268da\" data-id=\"dd268da\" data-element_type=\"column\">\n\t\t\t<div class=\"elementor-widget-wrap elementor-element-populated\">\n\t\t\t\t\t\t<div class=\"elementor-element elementor-element-5d739e6 elementor-widget elementor-widget-heading\" data-id=\"5d739e6\" data-element_type=\"widget\" data-widget_type=\"heading.default\">\n\t\t\t\t<div class=\"elementor-widget-container\">\n\t\t\t<style>\/*! elementor - v3.22.0 - 17-06-2024 *\/\n.elementor-heading-title{padding:0;margin:0;line-height:1}.elementor-widget-heading .elementor-heading-title[class*=elementor-size-]>a{color:inherit;font-size:inherit;line-height:inherit}.elementor-widget-heading .elementor-heading-title.elementor-size-small{font-size:15px}.elementor-widget-heading .elementor-heading-title.elementor-size-medium{font-size:19px}.elementor-widget-heading .elementor-heading-title.elementor-size-large{font-size:29px}.elementor-widget-heading .elementor-heading-title.elementor-size-xl{font-size:39px}.elementor-widget-heading .elementor-heading-title.elementor-size-xxl{font-size:59px}<\/style><h2 class=\"elementor-heading-title elementor-size-default\">Objetivos de la C\u00e1tedra<\/h2>\t\t<\/div>\n\t\t\t\t<\/div>\n\t\t\t\t\t<\/div>\n\t\t<\/div>\n\t\t\t\t\t<\/div>\n\t\t<\/section>\n\t\t\t\t<section class=\"elementor-section elementor-top-section elementor-element elementor-element-49e3c59 elementor-section-boxed elementor-section-height-default elementor-section-height-default\" data-id=\"49e3c59\" data-element_type=\"section\">\n\t\t\t\t\t\t<div class=\"elementor-container elementor-column-gap-default\">\n\t\t\t\t\t<div class=\"elementor-column elementor-col-100 elementor-top-column elementor-element elementor-element-b7a3c54\" data-id=\"b7a3c54\" data-element_type=\"column\">\n\t\t\t<div class=\"elementor-widget-wrap elementor-element-populated\">\n\t\t\t\t\t\t<div class=\"elementor-element elementor-element-6972814 elementor-widget elementor-widget-text-editor\" data-id=\"6972814\" data-element_type=\"widget\" data-widget_type=\"text-editor.default\">\n\t\t\t\t<div class=\"elementor-widget-container\">\n\t\t\t<style>\/*! elementor - v3.22.0 - 17-06-2024 *\/\n.elementor-widget-text-editor.elementor-drop-cap-view-stacked .elementor-drop-cap{background-color:#69727d;color:#fff}.elementor-widget-text-editor.elementor-drop-cap-view-framed .elementor-drop-cap{color:#69727d;border:3px solid;background-color:transparent}.elementor-widget-text-editor:not(.elementor-drop-cap-view-default) .elementor-drop-cap{margin-top:8px}.elementor-widget-text-editor:not(.elementor-drop-cap-view-default) .elementor-drop-cap-letter{width:1em;height:1em}.elementor-widget-text-editor .elementor-drop-cap{float:left;text-align:center;line-height:1;font-size:50px}.elementor-widget-text-editor .elementor-drop-cap-letter{display:inline-block}<\/style>\t\t\t\t<p>La c\u00e1tedra se ha constituido con la misi\u00f3n de analizar en un primer proyecto el impacto de la poblaci\u00f3n vinculada en el desarrollo socio econ\u00f3mico y cultural en el \u00e1mbito geogr\u00e1fico del Centro de la UNED en Zamora (las provincias de Zamora, Salamanca, el sur de la provincia de Le\u00f3n y el oeste de la de Valladolid, con especial significaci\u00f3n en las \u00e1reas rurales), centr\u00e1ndonos en una primera fase en la provincia de Zamora. Los emigrantes constituyen, as\u00ed como las asociaciones que los acogen, un activo que pone en valor \u201clo propio\u201d, promocionando el rico patrimonio natural (el lago de Sanabria, uno de los lagos de origen glaciar m\u00e1s grande de Europa; los Arribes del Duero, imponentes gargantas gran\u00edticas excavadas por cursos fluviales; las lagunas de Villaf\u00e1fila, humedales de gran relevancia ornitol\u00f3gica, la Sierra de la Culebra, otros valles fluviales de notable belleza e importancia como los del Tera o el Esla, etc.), el patrimonio cultural y art\u00edstico (una de las concentraciones de arte rom\u00e1nico m\u00e1s notable de Europa, fortificaciones militares ligadas a la frontera con Portugal y una riqueza etnogr\u00e1fica y antropol\u00f3gica que, a consecuencia del aislamiento y la despoblaci\u00f3n, se ha conservado a niveles superiores que los acontecidos en otros territorios), el sector agroalimentario (vino, queso, lechazo, miel, casta\u00f1as, etc.) cada d\u00eda m\u00e1s valorado, etc.<\/p><p>\u00a0<\/p><p><img decoding=\"async\" class=\"size-medium wp-image-149 aligncenter\" src=\"http:\/\/catedravinculacionydesarrollo.es\/wp-content\/uploads\/2021\/11\/logo-300x145.jpg\" alt=\"\" width=\"300\" height=\"145\" srcset=\"https:\/\/catedravinculacionydesarrollo.es\/wp-content\/uploads\/2021\/11\/logo-300x145.jpg 300w, https:\/\/catedravinculacionydesarrollo.es\/wp-content\/uploads\/2021\/11\/logo-1024x493.jpg 1024w, https:\/\/catedravinculacionydesarrollo.es\/wp-content\/uploads\/2021\/11\/logo-768x370.jpg 768w, https:\/\/catedravinculacionydesarrollo.es\/wp-content\/uploads\/2021\/11\/logo-1536x740.jpg 1536w, https:\/\/catedravinculacionydesarrollo.es\/wp-content\/uploads\/2021\/11\/logo.jpg 2032w\" sizes=\"(max-width: 300px) 100vw, 300px\" \/><\/p><p>\u00a0<\/p><p>Se plantea un observatorio de la poblaci\u00f3n actual, con los par\u00e1metros de poblaci\u00f3n empadronada, poblaci\u00f3n real, poblaci\u00f3n activa y poblaci\u00f3n vinculada.<\/p><p>El observatorio analizar\u00e1 de forma especial esta \u201cpoblaci\u00f3n vinculada\u201d estudiando uno de los m\u00e1s importantes factores de vinculaci\u00f3n: las asociaciones, que funcionan como agentes y espacios de esta y que, en buena medida, son dinamizadas por esta poblaci\u00f3n, tanto en nuestra regi\u00f3n como en el exterior.<\/p><p>Tambi\u00e9n se analizar\u00e1 la \u201cpoblaci\u00f3n vinculada\u201d relevante desde un punto de vista cuantitativo y especialmente cualitativo: su significancia, su tejido econ\u00f3mico, cultural, cient\u00edfico, pol\u00edtico, deportivo, religioso etc., en una matriz DAFO (debilidades, amenazas, fortalezas y oportunidades), con la intenci\u00f3n de conocer, organizar, dinamizar e implementar el papel de esa poblaci\u00f3n en el desarrollo de la regi\u00f3n.<\/p><p>Es necesario saber \u201ccu\u00e1ntos son\u201d, pero especialmente \u201cquienes son\u201d, el grado de vinculaci\u00f3n, el tiempo de permanencia (si son estacionales o permanentes), si est\u00e1n en activo o jubilados, las actividades que desempe\u00f1an (participaci\u00f3n en asociaciones -locales o de emigrantes-). El emigrante est\u00e1 claramente conectado con su territorio de origen, como as\u00ed lo demuestra el crecimiento del n\u00famero de residencias secundarias y la constituci\u00f3n y mantenimiento de las diferentes asociaciones (como la Casa de Zamora en Madrid), algunas de cuales cuentan con m\u00e1s de 100 a\u00f1os de historia, as\u00ed como su adaptabilidad a la nueva era de las tecnolog\u00edas, todo ello ante la finalidad de fomentar la dinamizaci\u00f3n de su regi\u00f3n natal.<\/p><p>Es preciso analizar tambi\u00e9n los problemas del retorno de los emigrantes, los que regresan a trabajar, sectores vinculados, emprendimiento, los que regresan tras su jubilaci\u00f3n, estacionalidad, permanencia, actividades desarrolladas, grado de integraci\u00f3n social.<\/p><p>No podemos dejar de lado la inmigraci\u00f3n y su impacto en las \u00e1reas rurales, valorar la desigualdad de oportunidades y servicios (educativos, sanitarios, recreativos, econ\u00f3micos -bancarios por ejemplo-, de infraestructuras y comunicaciones etc.).<\/p><p>Pero para que el potencial de esa \u201cpoblaci\u00f3n vinculada\u201d se desarrolle y de frutos en nuestro entorno es necesario incrementar la relaci\u00f3n, impulsar la vinculaci\u00f3n que en muchas ocasiones -como en las acciones de mecenazgo llevadas a cabo por los emigrantes en sus lugares de origen-, tiene un largo recorrido, fortalecerla (colaborando con sus asociaciones), resaltarla, divulgarla y ponerla en valor.<\/p><p>Necesitamos esa \u201cpoblaci\u00f3n vinculada\u201d para afianzar los proyectos de desarrollo en nuestra tierra: valoraci\u00f3n y difusi\u00f3n de nuestro patrimonio (hist\u00f3rico-art\u00edstico, monumental, natural etc.), los productos agroalimentarios y la gastronom\u00eda (Conviene iniciar el proceso por aquello en lo que ya confiamos, aquello en lo que ya creemos nosotros mismos y por lo que merece la pena apostar).<\/p><p>Pero tambi\u00e9n esa \u201cpoblaci\u00f3n vinculada\u201d es clave en la valoraci\u00f3n de \u201clo nuestro\u201d como agente vehicular de una de nuestras l\u00edneas de desarrollo: el turismo, atendiendo de manera especial al sector del turismo rural, que ya utiliza esa poblaci\u00f3n en muchas ocasiones, cuando regresa con amigos y familiares, o cuando la casa familiar ya no presenta las condiciones adecuadas.<\/p>\t\t\t\t\t\t<\/div>\n\t\t\t\t<\/div>\n\t\t\t\t\t<\/div>\n\t\t<\/div>\n\t\t\t\t\t<\/div>\n\t\t<\/section>\n\t\t\t\t<\/div>\n\t\t","protected":false},"excerpt":{"rendered":"<p>Objetivos de la C\u00e1tedra La c\u00e1tedra se ha constituido con la misi\u00f3n de analizar en un primer proyecto el impacto de la poblaci\u00f3n vinculada en el desarrollo socio econ\u00f3mico y cultural en el \u00e1mbito geogr\u00e1fico del Centro de la UNED en Zamora (las provincias de Zamora, Salamanca, el sur de la provincia de Le\u00f3n y [&hellip;]<\/p>\n","protected":false},"author":2,"featured_media":0,"parent":0,"menu_order":0,"comment_status":"closed","ping_status":"closed","template":"","meta":{"footnotes":""},"_links":{"self":[{"href":"https:\/\/catedravinculacionydesarrollo.es\/index.php\/wp-json\/wp\/v2\/pages\/359"}],"collection":[{"href":"https:\/\/catedravinculacionydesarrollo.es\/index.php\/wp-json\/wp\/v2\/pages"}],"about":[{"href":"https:\/\/catedravinculacionydesarrollo.es\/index.php\/wp-json\/wp\/v2\/types\/page"}],"author":[{"embeddable":true,"href":"https:\/\/catedravinculacionydesarrollo.es\/index.php\/wp-json\/wp\/v2\/users\/2"}],"replies":[{"embeddable":true,"href":"https:\/\/catedravinculacionydesarrollo.es\/index.php\/wp-json\/wp\/v2\/comments?post=359"}],"version-history":[{"count":19,"href":"https:\/\/catedravinculacionydesarrollo.es\/index.php\/wp-json\/wp\/v2\/pages\/359\/revisions"}],"predecessor-version":[{"id":659,"href":"https:\/\/catedravinculacionydesarrollo.es\/index.php\/wp-json\/wp\/v2\/pages\/359\/revisions\/659"}],"wp:attachment":[{"href":"https:\/\/catedravinculacionydesarrollo.es\/index.php\/wp-json\/wp\/v2\/media?parent=359"}],"curies":[{"name":"wp","href":"https:\/\/api.w.org\/{rel}","templated":true}]}}